{"id":185,"date":"2024-12-05T18:08:19","date_gmt":"2024-12-05T17:08:19","guid":{"rendered":"https:\/\/istortona.it\/2025\/?page_id=185"},"modified":"2024-12-05T18:08:19","modified_gmt":"2024-12-05T17:08:19","slug":"mission","status":"publish","type":"page","link":"https:\/\/istortona.it\/2025\/mission\/","title":{"rendered":"Mission"},"content":{"rendered":"\n<p>In linea con la nostra tradizione e accogliendo le sfide del futuro, abbiamo sentito<br>l\u2019esigenza di delineare un \u201cprogetto\u201d con il quale, mentre facciamo tesoro dell\u2019esperienza e<br>dei mezzi a nostra disposizione, cerchiamo di proiettarci nel mondo vivo, attuale, sempre in<br>evoluzione, che richiede continui processi di crescita e di responsabilizzazione.<br>Il progetto, frutto di un lavoro collegiale ed espressione di tutta la comunit\u00e0 educante,<br>evidenzia la necessit\u00e0 di confrontarsi, di operare e di crescere insieme.<br>Nel progetto si definisce l\u2019identit\u00e0 della Scuola, esplicitando i valori evangelici a cui<br>essa si ispira; si precisano gli obiettivi che essa persegue sul piano educativo e didattico,<br>profilandone la traduzione in termini operativi.<br>Il progetta diventa, pertanto, il compendio dei criteri orientativi ed unificanti di tutte le<br>scelte e di tutti gli interventi.<br>\u201cProgettare\u201d \u00e8 parola del linguaggio corrente, usata non solo in ambito scolastico, ma<br>in moltissime aree dell\u2019esperienza umana. L\u2019uomo non \u00e8 chiamato a ripetere, a riprodurre, ma<br>a progredire, a perseguire le mete che gli stanno davanti. La \u201cprogettazione\u201d \u00e8 perci\u00f2<br>necessaria, soprattutto in campo educativo- scolastico; essa \u00e8 l\u2019arte dell\u2019anticipazione,<br>dell\u2019innovazione costruttiva, della creativit\u00e0 che deve elaborare costantemente soluzioni<br>adeguate ai bisogni di formazione delle giovani generazioni. Il \u201cprogetto\u201d, pertanto, non \u00e8<br>documento statico, ripetitivo, formale, rigidamente prescrittivo ; non \u00e8 neppure una sorta di<br>programmazione prefabbricata per aree di intervento; \u00e8 piuttosto l\u2019elaborazione di idee- guida,<br>la presa di coscienza delle mete verso cui tendere per realizzare l\u2019identit\u00e0 tra l\u2019 \u201cuomo\u201d e il<br>\u201ccristiano\u201d, come elemento di trasformazione positiva di questa societ\u00e0 pluralistica e<br>conflittuale<\/p>\n","protected":false},"excerpt":{"rendered":"<p>In linea con la nostra tradizione e accogliendo le sfide del futuro, abbiamo sentitol\u2019esigenza di delineare un \u201cprogetto\u201d con il quale, mentre facciamo tesoro dell\u2019esperienza edei mezzi a nostra disposizione, cerchiamo di proiettarci nel mondo vivo, attuale, sempre inevoluzione, che richiede continui processi di crescita e di responsabilizzazione.Il progetto, frutto di un lavoro collegiale ed [&hellip;]<\/p>\n","protected":false},"author":1,"featured_media":0,"parent":0,"menu_order":0,"comment_status":"closed","ping_status":"closed","template":"","meta":{"footnotes":""},"class_list":["post-185","page","type-page","status-publish","hentry"],"_links":{"self":[{"href":"https:\/\/istortona.it\/2025\/wp-json\/wp\/v2\/pages\/185","targetHints":{"allow":["GET"]}}],"collection":[{"href":"https:\/\/istortona.it\/2025\/wp-json\/wp\/v2\/pages"}],"about":[{"href":"https:\/\/istortona.it\/2025\/wp-json\/wp\/v2\/types\/page"}],"author":[{"embeddable":true,"href":"https:\/\/istortona.it\/2025\/wp-json\/wp\/v2\/users\/1"}],"replies":[{"embeddable":true,"href":"https:\/\/istortona.it\/2025\/wp-json\/wp\/v2\/comments?post=185"}],"version-history":[{"count":1,"href":"https:\/\/istortona.it\/2025\/wp-json\/wp\/v2\/pages\/185\/revisions"}],"predecessor-version":[{"id":187,"href":"https:\/\/istortona.it\/2025\/wp-json\/wp\/v2\/pages\/185\/revisions\/187"}],"wp:attachment":[{"href":"https:\/\/istortona.it\/2025\/wp-json\/wp\/v2\/media?parent=185"}],"curies":[{"name":"wp","href":"https:\/\/api.w.org\/{rel}","templated":true}]}}

<p>In linea con la nostra tradizione e accogliendo le sfide del futuro, abbiamo sentito<br>l’esigenza di delineare un “progetto” con il quale, mentre facciamo tesoro dell’esperienza e<br>dei mezzi a nostra disposizione, cerchiamo di proiettarci nel mondo vivo, attuale, sempre in<br>evoluzione, che richiede continui processi di crescita e di responsabilizzazione.<br>Il progetto, frutto di un lavoro collegiale ed espressione di tutta la comunità educante,<br>evidenzia la necessità di confrontarsi, di operare e di crescere insieme.<br>Nel progetto si definisce l’identità della Scuola, esplicitando i valori evangelici a cui<br>essa si ispira; si precisano gli obiettivi che essa persegue sul piano educativo e didattico,<br>profilandone la traduzione in termini operativi.<br>Il progetta diventa, pertanto, il compendio dei criteri orientativi ed unificanti di tutte le<br>scelte e di tutti gli interventi.<br>“Progettare” è parola del linguaggio corrente, usata non solo in ambito scolastico, ma<br>in moltissime aree dell’esperienza umana. L’uomo non è chiamato a ripetere, a riprodurre, ma<br>a progredire, a perseguire le mete che gli stanno davanti. La “progettazione” è perciò<br>necessaria, soprattutto in campo educativo- scolastico; essa è l’arte dell’anticipazione,<br>dell’innovazione costruttiva, della creatività che deve elaborare costantemente soluzioni<br>adeguate ai bisogni di formazione delle giovani generazioni. Il “progetto”, pertanto, non è<br>documento statico, ripetitivo, formale, rigidamente prescrittivo ; non è neppure una sorta di<br>programmazione prefabbricata per aree di intervento; è piuttosto l’elaborazione di idee- guida,<br>la presa di coscienza delle mete verso cui tendere per realizzare l’identità tra l’ “uomo” e il<br>“cristiano”, come elemento di trasformazione positiva di questa società pluralistica e<br>conflittuale</p>
